{"id":2,"date":"2024-12-18T02:16:25","date_gmt":"2024-12-18T02:16:25","guid":{"rendered":"http:\/\/mermer.ovh\/?page_id=2"},"modified":"2025-07-14T15:49:44","modified_gmt":"2025-07-14T15:49:44","slug":"sample-page","status":"publish","type":"page","link":"https:\/\/mermer.ovh\/index.php\/sample-page\/","title":{"rendered":"Wikunia <3"},"content":{"rendered":"\n<blockquote class=\"wp-block-quote is-layout-flow wp-block-quote-is-layout-flow\">\n<p><\/p>\n\n\n\n<p>Bardzo Ci\u0119 kocham i t\u0119skni\u0119 za Tob\u0105. Ka\u017cdy dzie\u0144 bez Ciebie jest troch\u0119 mniej kolorowy :&lt;<\/p>\n\n\n\n<p>PS.<br>Du\u017co tuli jak wr\u00f3cisz!!!<\/p>\n\n\n\n<p><\/p>\n<\/blockquote>\n\n\n\n<p>Tw\u00f3j kochany informatyk :DD<\/p>\n\n\n\n<figure class=\"wp-block-gallery has-nested-images columns-default is-cropped wp-block-gallery-1 is-layout-flex wp-block-gallery-is-layout-flex\">\n<figure class=\"wp-block-image size-large\"><img loading=\"lazy\" decoding=\"async\" width=\"1024\" height=\"1024\" data-id=\"10\" src=\"https:\/\/mermer.ovh\/wp-content\/uploads\/2025\/07\/il_fullxfull.3324023994_dcbf-1024x1024.webp\" alt=\"\" class=\"wp-image-10\" srcset=\"https:\/\/mermer.ovh\/wp-content\/uploads\/2025\/07\/il_fullxfull.3324023994_dcbf-1024x1024.webp 1024w, https:\/\/mermer.ovh\/wp-content\/uploads\/2025\/07\/il_fullxfull.3324023994_dcbf-300x300.webp 300w, https:\/\/mermer.ovh\/wp-content\/uploads\/2025\/07\/il_fullxfull.3324023994_dcbf-150x150.webp 150w, https:\/\/mermer.ovh\/wp-content\/uploads\/2025\/07\/il_fullxfull.3324023994_dcbf-768x768.webp 768w, https:\/\/mermer.ovh\/wp-content\/uploads\/2025\/07\/il_fullxfull.3324023994_dcbf-1536x1536.webp 1536w, https:\/\/mermer.ovh\/wp-content\/uploads\/2025\/07\/il_fullxfull.3324023994_dcbf.webp 2000w\" sizes=\"auto, (max-width: 1024px) 100vw, 1024px\" \/><\/figure>\n<\/figure>\n","protected":false},"excerpt":{"rendered":"<p>Bardzo Ci\u0119 kocham i t\u0119skni\u0119 za Tob\u0105. Ka\u017cdy dzie\u0144 bez Ciebie jest troch\u0119 mniej kolorowy :&lt; PS.Du\u017co tuli jak wr\u00f3cisz!!! Tw\u00f3j kochany informatyk :DD<\/p>\n","protected":false},"author":1,"featured_media":0,"parent":0,"menu_order":0,"comment_status":"closed","ping_status":"open","template":"","meta":{"footnotes":""},"class_list":["post-2","page","type-page","status-publish","hentry"],"_links":{"self":[{"href":"https:\/\/mermer.ovh\/index.php\/wp-json\/wp\/v2\/pages\/2","targetHints":{"allow":["GET"]}}],"collection":[{"href":"https:\/\/mermer.ovh\/index.php\/wp-json\/wp\/v2\/pages"}],"about":[{"href":"https:\/\/mermer.ovh\/index.php\/wp-json\/wp\/v2\/types\/page"}],"author":[{"embeddable":true,"href":"https:\/\/mermer.ovh\/index.php\/wp-json\/wp\/v2\/users\/1"}],"replies":[{"embeddable":true,"href":"https:\/\/mermer.ovh\/index.php\/wp-json\/wp\/v2\/comments?post=2"}],"version-history":[{"count":4,"href":"https:\/\/mermer.ovh\/index.php\/wp-json\/wp\/v2\/pages\/2\/revisions"}],"predecessor-version":[{"id":12,"href":"https:\/\/mermer.ovh\/index.php\/wp-json\/wp\/v2\/pages\/2\/revisions\/12"}],"wp:attachment":[{"href":"https:\/\/mermer.ovh\/index.php\/wp-json\/wp\/v2\/media?parent=2"}],"curies":[{"name":"wp","href":"https:\/\/api.w.org\/{rel}","templated":true}]}}